and 4374?
3
What is the highest common factor of 9 and 114138?
9
What is the greatest common factor of 134 and 159393?
67
What is the greatest common divisor of 762 and 1230?
6
Calculate the greatest common factor of 6660 and 1184.
148
What is the greatest common factor of 95 and 561811?
19
Calculate the greatest common factor of 425 and 76925.
425
What is the highest common factor of 4 and 82856?
4
Calculate the greatest common divisor of 174435 and 14837.
401
What is the greatest common divisor of 794310 and 935?
55
What is the highest common factor of 1890 and 170?
10
Calculate the highest common divisor of 453524 and 8.
4
Calculate the greatest common factor of 18370 and 430.
10
What is the greatest common divisor of 1556437 and 2105?
421
Calculate the greatest common factor of 101448 and 828.
36
What is the highest common factor of 2054 and 598?
26
What is the greatest common factor of 65482 and 174?
58
Calculate the greatest common divisor of 27072 and 63072.
288
What is the highest common factor of 382 and 347047?
191
What is the highest common factor of 849 and 250738?
283
Calculate the greatest common factor of 62518 and 8.
2
Calculate the greatest common factor of 540 and 2568.
12
What is the greatest common factor of 272 and 28628?
68
What is the highest common divisor of 110448 and 416?
208
Calculate the highest common factor of 4444 and 572.
44
Calculate the highest common factor of 12449 and 633.
211
Calculate the greatest common factor of 508 and 893064.
508
What is the highest common factor of 3232 and 18208?
32
What is the highest common divisor of 6520 and 14840?
40
Calculate the highest common factor of 135 and 7005.
15
What is the greatest common divisor of 72 and 324?
36
What is the greatest common divisor of 5917 and 214855?
97
Calculate the highest common factor of 39835 and 3341.
257
What is the highest common factor of 148884 and 912?
228
What is the highest common factor of 1738 and 23858?
158
What is the highest common divisor of 112797 and 4077?
1359
Calculate the highest common divisor of 31815 and 245.
35
What is the greatest common factor of 106704 and 152?
152
What is the highest common divisor of 54789 and 231?
21
What is the greatest common divisor of 90 and 545814?
18
Calculate the highest common divisor of 2047 and 9523.
89
Calculate the highest common divisor of 29308 and 20.
4
Calculate the highest common factor of 1060 and 16695.
265
What is the highest common factor of 2 and 36178?
2
What is the highest common factor of 50872 and 16?
8
Calculate the greatest common divisor of 31 and 7438295.
31
Calculate the greatest common divisor of 482333 and 4623.
1541
What is the highest common factor of 5410 and 1210?
10
Calculate the greatest common factor of 20508 and 12.
12
What is the greatest common factor of 46252 and 155?
31
Calculate the highest common factor of 536 and 93776.
8
What is the greatest common divisor of 1094 and 9299?
547
What is the greatest common divisor of 861816 and 12?
12
Calculate the greatest common factor of 17347 and 65208.
209
What is the highest common divisor of 29565 and 567?
81
Calculate the greatest common divisor of 46995 and 78.
39
Calculate the greatest common divisor of 42042 and 89166.
462
What is the greatest common divisor of 648 and 19683?
81
What is the highest common factor of 33173 and 245?
49
Calculate the greatest common factor of 1024 and 800.
32
Calculate the highest common divisor of 4185 and 24645.
465
What is the greatest common factor of 1648 and 224849?
103
What is the highest common divisor of 1455 and 3405?
15
Calculate the highest common divisor of 72039 and 32967.
1221
What is the greatest common factor of 3940 and 340?
20
What is the greatest common factor of 6776272 and 16?
16
Calculate the highest common divisor of 105155 and 5.
5
Calculate the highest common factor of 1610 and 920.
230
What is the greatest common divisor of 528 and 56628?
132
What is the greatest common divisor of 52 and 15769?
13
What is the greatest common factor of 687564 and 144?
36
Calculate the greatest common factor of 41808 and 221.
13
Calculate the greatest common factor of 3492 and 20520.
36
Calculate the greatest common divisor of 5616574 and 86.
86
Calculate the greatest common factor of 4 and 42836.
4
What is the highest common divisor of 169 and 1674283?
169
Calculate the highest common factor of 1077 and 27.
3
What is the highest common factor of 456 and 33326?
38
Calculate the highest common factor of 762669 and 564.
141
What is the greatest common divisor of 6630870 and 498?
498
Calculate the highest common factor of 15640 and 63342.
782
What is the highest common factor of 2616 and 9483?
327
Calculate the highest common factor of 2058411 and 255.
51
What is the greatest common factor of 130694 and 10999?
647
What is the greatest common divisor of 19605 and 285?
15
Calculate the highest common factor of 52 and 564499.
13
What is the greatest common factor of 1561792 and 2944?
1472
What is the highest common factor of 2568 and 84?
12
What is the highest common factor of 914749 and 3014?
1507
Calculate the greatest common factor of 1553504 and 96.
32
Calculate the greatest common factor of 30 and 11625.
15
What is the highest common factor of 407454 and 708?
354
Calculate the highest common factor of 247 and 1235.
247
Calculate the highest common divisor of 2691 and 851.
23
What is the greatest common divisor of 16 and 21928?
8
What is the greatest common divisor of 201957 and 326?
163
What is the greatest common divisor of 69 and 3439167?
69
Calculate the highest common factor of 6741 and 4473.
63
What is the greatest common divisor of 377900 and 2600?
100
What is the greatest common divisor of 30510 and 85880?
1130
Calculate the greatest common divisor of 121000 and 121.
121
Calculate the highest common divisor of 1557463 and 103.
103
Calculate the highest common divisor of 1701 and 25326.
189
Calculate the greatest common factor of 1485 and 30591.
297
What is the greatest common factor of 519 and 2647419?
519
Calculate the highest common factor of 483536 and 1786.
94
Calculate the highest common factor of 1668 and 46.
2
What is the greatest common divisor of 18432 and 10656?
288
What is the highest common factor of 1495826 and 166?
166
Calculate the highest common factor of 1870 and 12430.
110
What is the highest common factor of 33 and 70257?
33
Calculate the greatest common factor of 3168 and 6624.
288
Calculate the greatest common factor of 246 and 36.
6
Calculate the highest common divisor of 12408 and 198.
66
What is the greatest common factor of 134022 and 6?
6
What is the greatest common factor of 8 and 5638?
2
Calculate the greatest common divisor of 4580 and 1020.
20
What is the highest common factor of 148335 and 1827?
87
Calculate the greatest common divisor of 5 and 10765.
5
What is the highest common factor of 286 and 593230?
22
What is the highest common factor of 2488 and 5816?
8
What is the highest common factor of 388 and 44426?
194
What is the greatest common divisor of 40 and 39295?
5
What is the highest common divisor of 165 and 128304?
33
Calculate the highest common factor of 72 and 28968.
24
Calculate the highest common divisor of 51430 and 19277.
37
Calculate the highest common factor of 112956 and 132.
12
What is the greatest common divisor of 364 and 2345434?
182
Calculate the highest common divisor of 41311 and 1635.
109
What is the highest common factor of 266 and 418?
38
Calculate the greatest common divisor of 224230 and 340.
170
What is the highest common divisor of 483 and 12489?
69
What is the highest common factor of 12519 and 40125?
321
What is the highest common factor of 13824 and 608?
32
What is the highest common divisor of 14575 and 1925?
275
Calculate the highest common divisor of 136 and 102714.
34
What is the greatest common divisor of 3 and 95107?
1
What is the greatest common divisor of 5817 and 16066?
277
Calculate the highest common divisor of 1024 and 154848.
32
What is the highest common factor of 192 and 4629?
3
What is the highest common divisor of 19241 and 1084?
271
What is the highest common factor of 31303 and 92?
23
Calculate the greatest common factor of 380 and 35416.
76
What is the greatest common divis